highest common divisor of 68 and g?
17
Let n = 44 + -30. Let x(d) = -4*d**3 - 4*d**2 - 2. Let y be x(-3). Calculate the highest common divisor of n and y.
14
Suppose 3*o = -2*w + 93, 0*o + 182 = 4*w + 2*o. Calculate the highest common factor of 5 and w.
5
Let p(w) = 59*w - 16 + 4 + 7 + 6. Let l be (-2)/(-4)*0 - -1. Let c be p(l). What is the highest common divisor of c and 20?
20
Suppose 0 = 3*j + 5 - 14, -q = -5*j - 48. Calculate the greatest common divisor of 9 and q.
9
Let a be (-4)/(-1)*(-11)/(-4). Suppose 0 = -p - 4*p + 495. Calculate the highest common divisor of a and p.
11
Let u = -25 - -61. Calculate the highest common divisor of u and 72.
36
Suppose -65 = 4*q - 3*n - 5, -3*q - n = 32. Let f = 21 + q. Suppose 3*o - 9 = 2*o. Calculate the highest common divisor of o and f.
9
Let r(q) = 11*q**3 + 2*q**2 - 4*q + 3. Let f be r(1). Let u be 4/14 - 54/(-7). Let s be 2/u + 670/8. What is the greatest common divisor of s and f?
12
Suppose -3*g = -25 - 35. Let t = 30 - g. Let k be 62/2 - (-2 - -3). Calculate the highest common divisor of t and k.
10
Let h be (19 + -7)*11/4. What is the greatest common factor of 99 and h?
33
Suppose -17 = -c + 9. Suppose -i = -2*r - 5, 81 = 5*i - 4*r + 8*r. What is the greatest common factor of c and i?
13
Let p = -9 + 11. Calculate the highest common divisor of p and 10.
2
Let q(n) = n**3 + 6*n**2 + 1. Let v be q(-6). Let r be -3 - (2 - v)*-35. Let m = 9 + -1. Calculate the greatest common divisor of r and m.
8
Suppose 10 = 9*i - 8*i. Let u be 33/7 - 2/(-7). Suppose -6*x = r - 4*x - u, 4*r + 3*x = 20. What is the highest common factor of r and i?
5
Let a = 7 - 4. Suppose 4*u - 72 = -5*r, a*u = -5*r + 37 + 32. Calculate the greatest common factor of 108 and r.
12
Let t = 177 + -165. Calculate the greatest common factor of t and 30.
6
Let s(i) = -4*i - 22. Let h be s(-6). What is the greatest common factor of 6 and h?
2
Suppose -2*f + 64 = 2*f. Calculate the greatest common factor of f and 16.
16
Let r(u) = u - 8. Let y be r(8). Let i(c) = c + 2. Let x be i(y). Suppose 19 = x*o - 1. Calculate the highest common divisor of o and 2.
2
Suppose 4*u = 6*u - 70. Calculate the highest common factor of 7 and u.
7
Let f be 15/(((-21)/6)/7). Let h be (8/20)/((-3)/f). Let y be -1 + (1 - (1 - 9)). Calculate the greatest common divisor of y and h.
4
Suppose f + 0*f = 8. Calculate the greatest common factor of f and 64.
8
Suppose 0 = 2*d + 4*d - 120. Calculate the highest common divisor of d and 10.
10
Let g be (-6 - 0)*(-6)/4. Let m(r) = r + 3*r**2 - 5*r**2 - 2*r**3 + 21*r**3. Let q be m(1). Calculate the highest common divisor of g and q.
9
Let t(i) = 7*i**2. Let j be t(-2). Let a = 241 + 11. Calculate the highest common factor of a and j.
28
Let z = -8 - -18. Calculate the highest common factor of z and 70.
10
Let h(t) = 137*t**2 - 1. Let v be h(1). Suppose v = 3*j - j. Let y = j + -34. Calculate the highest common divisor of y and 51.
17
Suppose -218 = 4*n - 2*n. Let g = n - -11. Let c be g/(-10) + (-4)/(-20). Calculate the highest common divisor of c and 10.
10
Let x = -149 - -239. What is the highest common divisor of 9 and x?
9
Suppose t + 4 = 5*t. Let u = 3 + -1. What is the greatest common factor of t and u?
1
Let s(n) = -34*n - 1 - 2*n - 17*n. Let r be s(-1). Let l be 80/6 + (-2)/6. Calculate the highest common factor of r and l.
13
Let j(f) = f**3 + 6*f**2 - 4*f + 1. Let i be j(-5). Let g = i + -8. Calculate the highest common divisor of 57 and g.
19
Suppose 0 = 3*l + s - 32, -4*l + 3*s - 19 = -6*l. Let g = 72 - 28. Calculate the highest common factor of g and l.
11
Let b(n) = -n + 1. Let a be b(-7). Calculate the highest common divisor of 8 and a.
8
Let r(x) be the third derivative of x**5/60 - 5*x**4/24 - x**3/3 - 3*x**2. Let z be r(6). Calculate the greatest common factor of z and 10.
2
Let c = -53 + 64. What is the highest common divisor of c and 1?
1
Let n(h) = h + 13*h + 2*h - 1 + 0. Let s be n(4). Calculate the highest common factor of 9 and s.
9
Let g = -62 + 130. Calculate the highest common divisor of g and 34.
34
Let y(v) = v**3 + 8*v**2 + 7*v + 7. Suppose 15 + 20 = -5*a. Let q be y(a). Suppose q = g + 1. Calculate the greatest common factor of 4 and g.
2
Let j be (-8)/6*(-441)/6. Calculate the greatest common divisor of 49 and j.
49
Let x(s) = -12*s - 8. Let o be x(-4). What is the greatest common factor of o and 16?
8
Let p(x) = -18*x - 2. Let d be p(-4). Let r be 15*(3 + (-8)/(-12)). Suppose -4*z - 3*i = -r, -i = 5*z - z - 45. Calculate the greatest common factor of d and z.
10
Suppose -89 = -5*r + 4*q, -7*r - 4*q = -4*r - 47. Suppose -5*i = 2*w - 3*w - 422, 164 = 2*i - 2*w. Calculate the greatest common divisor of i and r.
17
Let o(z) = z**2 - 5*z + 6. Let t be o(6). Let g = 9 + t. Calculate the highest common factor of 105 and g.
21
Suppose 0 = -10*x + 199 + 201. What is the greatest common divisor of x and 280?
40
Let g be (2 - (2 - 2)) + 21. Let l = 8 + -6. Let m be -46*(l + (-20)/8). Calculate the greatest common divisor of m and g.
23
Suppose 140 = 8*w - 3*w. Suppose -5*x + 120 = 5*c, 0 = 3*c - 2*c + 2*x - w. What is the greatest common factor of c and 8?
4
Suppose 15*d - 13*d = 84. What is the highest common factor of 21 and d?
21
Suppose 27 = -5*s + 2*s. Let g = 31 + s. Calculate the highest common factor of 154 and g.
22
Let h = 2 + 0. Suppose -h*a = -4*g - 26, 3*a + 3*g = 6*g + 27. What is the highest common divisor of a and 10?
5
Suppose -2*k + 6 + 4 = 0. What is the highest common factor of k and 20?
5
Suppose -l + 8 = -2*l. Suppose 0 = 3*k + 6. Let o be k/(-8) + (-102)/l. Calculate the highest common factor of o and 91.
13
Let n(p) = -p**2 - 17*p + 6. Let r be n(-10). What is the greatest common divisor of 114 and r?
38
Let f(q) = -q**3 - 6*q**2 - 9*q - 8. Let i be f(-5). Suppose 0 = -3*j + 230 - 50. What is the highest common factor of i and j?
12
Suppose 5*m = -3*t - 0*t + 180, 0 = -4*m + 3*t + 144. Suppose 5*r - 124 = 146. Calculate the greatest common divisor of r and m.
18
Suppose 2*h - 22 = 3*h. Let p = 10 + h. Let k be (1 - -3)/((-8)/p). What is the highest common divisor of k and 6?
6
Let a be (-10)/35 - (-74)/14. What is the highest common factor of a and 45?
5
Let g be (-5)/10*(-17 - -1). Let s = g - 4. Suppose d - 4*d + 3 = 0. Calculate the highest common divisor of d and s.
1
Let p(a) = -6*a - 7. Let m be p(-4). Calculate the highest common divisor of m and 85.
17
Let t = -11 - -33. Let h = t + -41. Let m = h + 30. Calculate the greatest common divisor of m and 1.
1
Let n(q) = q**3 + 13*q**2 - 4*q - 16. Let f be n(-13). What is the highest common divisor of f and 12?
12
Suppose 5*t - 41 - 59 = 5*k, -t - 5*k - 10 = 0. Calculate the greatest common divisor of t and 3.
3
Let g(f) = -f - 5. Let y be g(-6). Let r be y/3 - (-358)/6. Suppose r = 3*z - 0*z. What is the greatest common divisor of 50 and z?
10
Let c be 2/(-5) + 1456/65. What is the greatest common divisor of c and 77?
11
Let g(w) = -7*w - 54. Let m be g(-27). What is the greatest common factor of 45 and m?
45
Let r = 6 - 4. Suppose -z - 44 = -2*p, -r*p + 5*p = 4*z + 71. Calculate the greatest common factor of p and 42.
21
Let m = 33 - 27. Calculate the greatest common factor of 2 and m.
2
Suppose -s + 7 = 2*z, -3*z + 3*s = 4*s - 9. Let w = -4 - -3. Let o be (44/((-2)/w))/1. What is the highest common divisor of o and z?
2
Suppose -9*p = -12*p + 72. Calculate the greatest common divisor of p and 120.
24
Suppose 121 + 13 = 2*y. Let u = -45 + y. Suppose -q + 3*g = -0*q - 23, 0 = 3*g + 12. What is the greatest common factor of u and q?
11
Let u(y) = -y**3 - 8*y**2 - 8*y - 4. Let l be u(-7). Suppose 6 + 0 = l*v. What is the highest common divisor of 18 and v?
2
Let j(z) = 2*z**2 - 13*z. Let w be j(9). Let q = 45 + -17. Let f = q + -19. Calculate the highest common factor of w and f.
9
Suppose 0 = -y + 71 + 4. Calculate the greatest common divisor of 30 and y.
15
Let z(t) = 21*t. Let u be z(1). Suppose 0*x + 54 = 4*d - 2*x, -4*x = 4*d - 72. Suppose 5*r - 50 = -d. Calculate the greatest common factor of u and r.
7
Suppose 5*f = -k + 20, -f - 2 = -k + 18. Calculate the greatest common factor of 10 and k.
10
Suppose y - 4 = b + 3, 2*y - b = 11. What is the highest common divisor of 76 and y?
4
Suppose -4*c + 88 = -0*g + 2*g